255287?
8
What is the tens digit of 5169961?
6
What is the hundreds digit of 35424?
4
What is the ten thousands digit of 3503880?
0
What is the ten thousands digit of 164986?
6
What is the millions digit of 26334495?
6
What is the hundreds digit of 762027?
0
What is the units digit of 20338?
8
What is the units digit of 427228?
8
What is the ten thousands digit of 2723465?
2
What is the hundred thousands digit of 295029?
2
What is the thousands digit of 419453?
9
What is the hundreds digit of 161644?
6
What is the ten thousands digit of 9639049?
3
What is the units digit of 8615237?
7
What is the hundred thousands digit of 204693?
2
What is the ten thousands digit of 372293?
7
What is the hundred thousands digit of 2931448?
9
What is the units digit of 690817?
7
What is the units digit of 528890?
0
What is the ten thousands digit of 212482?
1
What is the thousands digit of 3694171?
4
What is the units digit of 1361803?
3
What is the hundreds digit of 268554?
5
What is the hundred thousands digit of 210439?
2
What is the tens digit of 973644?
4
What is the units digit of 2823911?
1
What is the hundreds digit of 97962?
9
What is the millions digit of 2647696?
2
What is the millions digit of 17491523?
7
What is the tens digit of 204794?
9
What is the ten thousands digit of 17622145?
2
What is the tens digit of 3536977?
7
What is the tens digit of 1423537?
3
What is the millions digit of 23343297?
3
What is the units digit of 2013860?
0
What is the units digit of 1155518?
8
What is the units digit of 66319?
9
What is the hundred thousands digit of 6244699?
2
What is the tens digit of 376316?
1
What is the millions digit of 2075679?
2
What is the hundreds digit of 121947?
9
What is the ten thousands digit of 762205?
6
What is the units digit of 214381?
1
What is the hundred thousands digit of 2224341?
2
What is the tens digit of 9207?
0
What is the hundred thousands digit of 364116?
3
What is the millions digit of 7035282?
7
What is the units digit of 17131?
1
What is the millions digit of 7574397?
7
What is the ten thousands digit of 64118?
6
What is the ten thousands digit of 25196343?
9
What is the thousands digit of 308155?
8
What is the thousands digit of 497906?
7
What is the hundred thousands digit of 5255417?
2
What is the hundreds digit of 11650880?
8
What is the units digit of 1715360?
0
What is the ten thousands digit of 37840525?
4
What is the units digit of 594467?
7
What is the hundred thousands digit of 6202111?
2
What is the millions digit of 8046602?
8
What is the thousands digit of 148949?
8
What is the units digit of 39617?
7
What is the ten thousands digit of 15296291?
9
What is the units digit of 5897662?
2
What is the tens digit of 139684?
8
What is the units digit of 969?
9
What is the ten millions digit of 11446201?
1
What is the tens digit of 311364?
6
What is the thousands digit of 637731?
7
What is the hundreds digit of 35387300?
3
What is the hundreds digit of 339033?
0
What is the units digit of 12685045?
5
What is the ten thousands digit of 571877?
7
What is the hundreds digit of 2624758?
7
What is the ten thousands digit of 2286467?
8
What is the thousands digit of 11291649?
1
What is the thousands digit of 782821?
2
What is the units digit of 2151025?
5
What is the ten thousands digit of 192303?
9
What is the hundreds digit of 98891?
8
What is the tens digit of 33934397?
9
What is the tens digit of 13344371?
7
What is the tens digit of 211391?
9
What is the hundreds digit of 808908?
9
What is the tens digit of 190567?
6
What is the units digit of 1838944?
4
What is the units digit of 2896980?
0
What is the hundreds digit of 234209?
2
What is the units digit of 4042730?
0
What is the ten thousands digit of 52893?
5
What is the hundreds digit of 235401?
4
What is the millions digit of 1547896?
1
What is the thousands digit of 192551?
2
What is the hundred thousands digit of 598458?
5
What is the hundred thousands digit of 484855?
4
What is the units digit of 2133195?
5
What is the hundreds digit of 6729616?
6
What is the hundred thousands digit of 2944264?
9
What is the units digit of 1529118?
8
What is the thousands digit of 278939?
8
What is the tens digit of 258832?
3
What is the hundreds digit of 2508696?
6
What is the ten thousands digit of 36127118?
2
What is the units digit of 118423?
3
What is the hundred thousands digit of 108293?
1
What is the tens digit of 6633221?
2
What is the hundred thousands digit of 558639?
5
What is the hundreds digit of 4943560?
5
What is the ten thousands digit of 4781157?
8
What is the ten thousands digit of 171923?
7
What is the ten thousands digit of 4294789?
9
What is the ten thousands digit of 279340?
7
What is the hundreds digit of 291482?
4
What is the tens digit of 290949?
4
What is the tens digit of 235783?
8
What is the thousands digit of 559066?
9
What is the thousands digit of 132452?
2
What is the units digit of 82970?
0
What is the ten thousands digit of 4919185?
1
What is the tens digit of 10200340?
4
What is the ten thousands digit of 87780?
8
What is the hundred thousands digit of 3857417?
8
What is the hundred thousands digit of 176674?
1
What is the hundred thousands digit of 164234?
1
What is the hundreds digit of 1101803?
8
What is the hundreds digit of 1625247?
2
What is the hundreds digit of 5991547?
5
What is the ten millions digit of 11048863?
1
What is the ten thousands digit of 2692292?
9
What is the thousands digit of 2430027?
0
What is the ten thousands digit of 91157?
9
What is the hundred thousands digit of 17417207?
4
What is the units digit of 121300?
0
What is the hundreds digit of 885735?
7
What is the hundred thousands digit of 3426579?
4
What is the thousands digit of 1179800?
9
What is the ten thousands digit of 571725?
7
What is the tens digit of 304216?
1
What is the units digit of 9594?
4
What is the tens digit of 589420?
2
What is the hundred thousands digit of 459315?
4
What is the millions digit of 2366794?
2
What is the millions digit of 5456169?
5
What is the ten thousands digit of 457105?
5
What is the tens digit of 11213824?
2
What is the hundred thousands digit of 721914?
7
What is the thousands digit of 6231558?
1
What is the tens digit of 6089843?
4
What is the ten thousands digit of 2071532?
7
What is the units digit of 2275968?
8
What is the ten thousands digit of 3463355?
6
What is the tens digit of 14335117?
1
What is the tens digit of 1973415?
1
What is the hundred thousands digit of 3803815?
8
What is the thousands digit of 31353531?
3
What is the units digit of 890272?
2
What is the hundreds digit of 729157?
1
What is the hundreds digit of 168254?
2
What is the units digit of 287642?
2
What is the millions digit of 9019178?
9
What is the thousands digit of 1997999?
7
What is the ten thousands digit of 77986?
7
What is the thousands digit of 11787?
1
What is the hundreds digit of 956223?
2
What is the tens digit of 307132?
3
What is the hundreds digit of 857548?
5
What is the hundreds digit of 16307742?
7
What is the units digit of 73700?
0
What is the tens digit of 270658?
5
What is the thousands digit of 3811246?
1
What is the ten millions digit of 20143300?
2
What is the hundred thousands digit of 17950956?
9
What is the tens digit of 3607948?
4
What is the hundreds digit of 2296743?
7
What is the hundreds digit of 157691?
6
What is the hundreds digit of 12749952?
9
What is the tens digit of 3465?
6
What is the units digit of 380527?
7
What is the tens digit of 283090?
9
What is the hundreds digit of 24540120?
1
What is the thousands digit of 609895?
9
What is the tens digit of 666104?
0
What is the ten thousands digit of 1117653?
1
What is the hundred thousands digit of 7812340?
8
What is the hundred thousands digit of 2092722?
0
What is the units digit of 2683285?
5
What is the hundred thousands digit of 25146542?
1
What is the hundred thousands digit of 452589?
4
What is the units digit of 471372?
2
What is the hundred thousands digit of 402656?
4
What is the units digit of 107482?
2
What is the ten thousands digit of 26132795?
3
What is the hundreds digit of 1035156?
1
What is the tens digit of 3017047?
4
What is the hundred thousands digit of 2099922?
0
What is the units digit of 1238433?
3
What is the hundreds di